 5*g - g - 8. What is the tens digit of l(-6)?
3
Suppose -2*t + 1 = -5. Suppose 0 = -3*w - 2*w - t*a - 58, -4*a = 4. Let i = w - -21. What is the tens digit of i?
1
Let p = 30 + -28. Suppose p*q - 92 = 58. What is the units digit of q?
5
Suppose -6*l = -10*l - 8. Let w be (-565)/9 - l/(-9). What is the tens digit of 250/7 + (-18)/w?
3
Let z = -19 - -9. Let f = -9 - z. Let y = f - -5. What is the units digit of y?
6
Suppose -4*z + 9*z - 1015 = 0. What is the units digit of z?
3
Let u = -44 - -21. Let c = u + 40. What is the units digit of c?
7
Suppose 2*a = -4*v + 1284, 2*a = 5*a - 4*v - 1926. What is the hundreds digit of a?
6
Let r be 45/2*(7*2 - 0). Suppose 6*x - x - r = 0. What is the units digit of x?
3
Let o = -769 + 366. Let n = o - -167. What is the tens digit of 4 + -3 - n/4?
6
Let n = 226 - 160. Suppose -k - n = -r, 5*k - 41 = -r + 43. What is the tens digit of r?
6
Let m(k) = -k**3 + 2*k**2 - 3*k + 2. Let c be m(2). Let t(u) = -18*u + 23. What is the units digit of t(c)?
5
Let i be (240/(-75))/((-1)/5). Let z = i - 18. Let j(a) = -22*a + 2. What is the tens digit of j(z)?
4
Let l(p) = 6*p**2 + p + 1. Let s(i) = 3*i - 12. Let c(z) = -z + 4. Let w(f) = -7*c(f) - 2*s(f). Let h be w(3). What is the units digit of l(h)?
6
Let l = 328 - -59. What is the hundreds digit of l?
3
Suppose 0*t = 4*t - 80. Suppose -2*v = -6*v + t. Suppose -5*l + k = -91 - 71, 0 = -5*l - v*k + 150. What is the units digit of l?
2
Let z(w) = w + 18. Let k be z(-18). Suppose -2*p = p. Suppose 3*s - r - 37 = p, s + 0*r - 3*r - 15 = k. What is the units digit of s?
2
Suppose 0 = -2*m + 2*g + 2506, -m = -6*m + 2*g + 6256. What is the tens digit of m?
5
Let a(j) = 3*j - 10. Let p be a(7). Suppose -p*m = -7*m - 16. Suppose 4*f + 0*f = m*o + 148, -f + 4*o + 37 = 0. What is the tens digit of f?
3
Let q be (1 - -5)*(-4)/(-8). Suppose -q*a - 2*a = 2*u + 16, 0 = u + a + 2. What is the tens digit of (-5)/((u - 1)/(-6))?
3
Let i(t) = t**3 - t**2 - 5*t - 1. Let n be i(-2). What is the tens digit of n + -1 + 6 + 129?
3
Suppose -7*a = 7*a - 56182. What is the hundreds digit of a?
0
Let w(r) = 14*r**2 + r + 32. What is the units digit of w(-16)?
0
Let x = -32 + 83. Let a = 20 + x. What is the tens digit of a?
7
Suppose 0 = 4*r + 3*r. Suppose r = 5*y - f - 573, 2*f + 571 = 3*y + 2*y. What is the units digit of y?
5
Let y = 124 - 211. What is the tens digit of (6/(-3))/(-1 - y/89)?
8
Suppose 22*v = 17*v + 3*q + 4762, -3*q = 5*v - 4768. What is the hundreds digit of v?
9
Let s(g) = -g**2 + 11*g - 7. Let t be s(10). Suppose -t*i + 2*m = -244, -4*m = -4*i - 7*m + 297. Let d = i - 55. What is the units digit of d?
3
Suppose -3*d + 2*c = -31, c + 4*c = -25. What is the hundreds digit of d + -12 + 9*17?
1
What is the units digit of (6 + -189)/3*-37?
7
What is the tens digit of ((5/10)/(2/(-228)))/(-3)?
1
Let k be ((-10)/25)/(1/(-10)). Suppose 5*s - k*j - 18 = -0*j, 4*j = -s - 6. Suppose -5*f + s*n + 2*n = -185, n - 37 = -f. What is the tens digit of f?
3
Suppose 4*w = 3*w - 4. Let k = w + 2. What is the units digit of (k + 1)/(4/(-16))?
4
Let s(r) = 18*r + 17. Let o be s(6). Let b = -57 + o. What is the units digit of b?
8
Let b = 7 - -1. Suppose 0 = -4*v + 16 + b. What is the units digit of v?
6
Suppose -20 = h + 2*z, h + 5*z + 10 = -16. Let k = h + 19. Suppose 0 = -5*j - 0*w + k*w + 264, 3*w - 222 = -4*j. What is the tens digit of j?
5
Suppose 7 = -2*x + 15, -5*t + 5072 = -2*x. What is the tens digit of t?
1
Suppose 0 = -2*r - 4*u + 105 + 3, 0 = -5*u. Suppose -5*q + 120 = 5*x, -5*q = -2*x - 59 - r. What is the units digit of q?
3
Let t(z) = z**2 + 15*z + 30. Let k be t(-17). Suppose -2*v + d + d + k = 0, 2*v - 5*d - 58 = 0. What is the units digit of v?
4
Let i(h) = 12 + 37*h**2 - 36*h**2 + 0 + 6*h. What is the units digit of i(-4)?
4
Let h(k) = k**2 - 6*k - 4. Suppose 3*x - 9 = 18. Let q be h(x). Suppose -3*j + 18 = -4*l - q, 3*j - 36 = 3*l. What is the units digit of j?
7
Suppose -18249 = -6*h - 5*h. What is the units digit of h?
9
Let j(v) = -15*v**3 - 2*v**2 - 9*v - 2. What is the units digit of j(-2)?
8
Suppose -x = -6*x - 350. Let z = -35 - x. What is the tens digit of z?
3
Suppose -6*o + o = -1715. Suppose 2*v = o - 129. What is the tens digit of v?
0
Let g(t) = 69*t**2 + 11*t - 15. What is the tens digit of g(-7)?
8
Suppose 1148 = 3*t + 4*c, 0*c - c = -t + 378. What is the units digit of t?
0
Let r(x) = x**3 + 18*x**2 - 44*x - 34. What is the tens digit of r(-17)?
0
Let d(v) = 2*v - 46. Let q be d(22). What is the tens digit of ((-1)/q)/(4 + 2301/(-576))?
9
Suppose 3*t - 30 = -4*b, -19 = -2*t - 2*b + 1. Suppose -t*j + 2655 = 935. What is the units digit of j?
2
Let p = -6 + 111. Let k(o) = o**3 + 4*o**2 - o + 5. Let f be k(-6). Let q = f + p. What is the tens digit of q?
4
What is the units digit of (-23)/(115/30) - -779?
3
Suppose -2*y + i = -i - 80, 0 = -5*y - i + 170. Let k be ((-30)/(-21))/(1/y). Let d = k + 12. What is the tens digit of d?
6
Let w(a) = -3*a**2 - 2*a + 5. Let x be w(4). Let p = -31 - x. What is the units digit of p?
0
Let u be (3 - 2) + (-8)/(-2). Suppose 8 = 5*i - u*c + 148, c + 56 = -2*i. Let r = i + 30. What is the units digit of r?
2
Suppose -9*k = -2*k - 84. Suppose 4*t = k + 8. Suppose j - 48 = 5*x, 8 - 23 = t*x. What is the units digit of j?
3
Suppose -4*u - f + 5487 = 0, -5*u = -6*u + f + 1368. What is the hundreds digit of u?
3
Let q = -21 + 17. Let b(v) = -24*v - 1. Let l(j) = 8*j. Let c(h) = -2*b(h) - 7*l(h). What is the units digit of c(q)?
4
Suppose -s = z + 104, 94 - 311 = 2*z - s. Let w = z + 116. What is the units digit of w?
9
Suppose -4*b = 5*x - 3313, -1030 - 974 = -3*x + 3*b. What is the hundreds digit of x?
6
Let y = 7 + -1. Suppose -2*z + 17 = -19. Let d = z + y. What is the units digit of d?
4
Let l = 25 - 24. Let y be 2*l + 14/7. Suppose -y*h = o - 2*h - 33, -5*h = -3*o + 121. What is the units digit of o?
7
Let t = 321 - 42. What is the hundreds digit of t?
2
Suppose 5*j - 30 = 70. Suppose -4*d = -5*k - 2 + j, -4*k - 2 = 5*d. Let h = d - -5. What is the units digit of h?
3
Let f(q) = 7*q**3 - 23*q**2 - 9*q + 28. What is the units digit of f(6)?
8
Suppose 0 = -4*a + 3*a + 30. What is the units digit of (-2)/(-5) + 318/a?
1
Let x = -35 - -37. Suppose 3*m = 26 - 11, 0 = -x*w + 5*m - 31. What is the units digit of (w - -8)*4/5?
4
Suppose 0*t - 5*t - 3136 = -4*y, -5*t = -2*y + 1558. What is the tens digit of y?
8
Let z be (8/12)/(1/3). Suppose 0 = f - 2*s - 144, z*f + 5*s - 675 = -3*f. What is the tens digit of f?
3
Suppose 0 = 4*i - 1646 + 358. What is the hundreds digit of i?
3
What is the hundreds digit of 4/16*412*13?
3
What is the units digit of (-5 + (-64)/(-12))/(4/17508)?
9
Suppose -4*t - w = -0*t - 11, -t = -5*w - 8. Let h(b) be the third derivative of b**6/60 - b**5/12 + b**4/12 + b**3/6 + 2*b**2. What is the units digit of h(t)?
6
Suppose -5*q + 313 = 28. What is the tens digit of q?
5
Suppose -5*c - 4*d - 1722 = -10*c, 0 = -3*c - 2*d + 1020. What is the hundreds digit of c?
3
Suppose -4*a = 3*y - 3838, 4*a - 2*y = y + 3850. What is the tens digit of a?
6
Let f(r) = 173*r**2 - r - 2. Suppose 4*g + 12 - 16 = 0. What is the hundreds digit of f(g)?
1
What is the units digit of 5 + (-61980)/(-42) + 4/14?
1
Suppose 4*q = -3*w - 47, 2*q - 7 = w - q. Let r(k) = k + 1. Let l(m) = m - 11. Let o(i) = 2*l(i) - 6*r(i). What is the units digit of o(w)?
4
Let d(h) = 3*h**2 + 3. Let w = 36 - 32. What is the units digit of d(w)?
1
Let a(o) be the third derivative of -o**6/20 + o**5/60 + o**4/8 - o**3/3 + 19*o**2. What is the units digit of a(-2)?
4
What is the tens digit of -2*(-6 + (-142 - 1))?
9
Let u = -306 + 720. What is the tens digit of u?
1
Suppose 1680 = 17*m - 1584. What is the tens digit of m?
9
Let r(g) = 5*g**3 + 35*g**2 + 4*g - 76. Let w(i) = -i**3 - 7*i**2 - i + 15. Let u(f) = -2*r(f) - 11*w(f). What is the units digit of u(-6)?
5
Let n = 2418 + -953. What is the thousands digit of n?
1
Suppose 81 = -5*o + x + 15, 0 = 5*o + 2*x + 63. Let q(w) = -w + 8. What is the tens digit of q(o)?
2
Let h = 59 - 56. Suppose -2*p = -7*c + h*c + 336, 2*c - 3*p - 164 = 0. What is the tens digit of c?
8
Suppose x + 553 = 8*x. Suppose 2*r = 39 + x. What is the tens digit of r?
5
Suppose -j = 2*j - 4*s - 32, s + 21 = 4*j. Let l(b) = -b + 4. Let 